2*g**3 - 197*g**2 + 304*g + 468. Determine j(-100).
68
Let t(f) = f**3 + 18*f**2 - 35*f - 1136. What is t(-16)?
-64
Let f(a) = -48*a**3 - 110*a**2 + 463*a + 7. Give f(5).
-6428
Let h(n) = 6*n**2 - 234*n + 640. Calculate h(36).
-8
Let s(i) = 6129*i + 61250. What is s(-10)?
-40
Let r(l) = -4*l**3 + 179*l**2 + 277*l - 10413. Calculate r(45).
27
Let n(r) = -10379*r - 2605145. What is n(-251)?
-16
Let s(q) = 8*q**3 - 6994*q**2 + 1666*q + 71670. Give s(874).
2
Let r(a) = 4*a**3 - 70*a**2 - a + 260. Determine r(17).
-335
Let a(v) = -v**3 + 76*v**2 - 335*v + 8179. Determine a(73).
-289
Let w(c) = 91*c**2 - 599*c - 59. Determine w(7).
207
Let a(d) = -36*d**2 + 281*d - 1738. Calculate a(6).
-1348
Let v(j) = 4821*j - 70776. Determine v(14).
-3282
Let o(b) = -b**3 - 78*b**2 + 410*b - 436. Calculate o(-83).
-21
Let q(v) = v**3 - 63*v**2 - 603*v + 1945. Determine q(71).
-540
Let g(w) = -1740488*w - 17404880. Determine g(-10).
0
Let z(b) = b**2 - 443*b + 13834. Determine z(34).
-72
Let l(w) = -w**2 - 115*w + 3544. Give l(22).
530
Let j(n) = n**3 + 65*n**2 - 243*n - 11682. Give j(-66).
0
Let a(h) = 37427*h + 636249. Give a(-17).
-10
Let a(g) = g**3 + 27*g**2 - 140*g - 4306. Give a(-26).
10
Let a(b) = 1460*b + 115076. Calculate a(-79).
-264
Let i(r) = -11486*r - 80183. Give i(-7).
219
Let j(k) = 393130*k + 19656497. What is j(-50)?
-3
Let j(f) = -5*f**3 - 9*f**2 - 79*f + 357. Give j(3).
-96
Let k(i) = -193*i - 55185. Give k(-286).
13
Let x(y) = -4406*y + 48500. Give x(11).
34
Let c(f) = -21*f**2 + 430*f - 4255. Determine c(11).
-2066
Let h(c) = 24*c**3 + 9*c**2 - 134*c + 58. Determine h(2).
18
Let m(i) = -6130*i - 165039. What is m(-27)?
471
Let f(o) = 3*o**3 + 241*o**2 - 9932*o + 97. What is f(30)?
37
Let h(s) = -13750*s - 137501. Calculate h(-10).
-1
Let m(w) = 2*w**2 + 928*w + 53657. Determine m(-397).
459
Let c(f) = -f**3 + 10*f**2 + 687*f - 380. Calculate c(-22).
-6
Let k(r) = 15533*r - 109. What is k(0)?
-109
Let h(m) = -9*m**2 + 829*m - 8729. Determine h(80).
-9
Let x(m) = -16*m**2 + 10*m + 2. Calculate x(-7).
-852
Let a(c) = 233*c**2 - 1443*c - 52. Give a(6).
-322
Let p(k) = -22*k**2 - 589*k - 135. Determine p(-27).
-270
Let u(v) = -14*v**3 - 124*v**2 + 80*v + 805. Give u(-9).
247
Let q(n) = 66*n + 10890. What is q(-162)?
198
Let w(s) = -2*s**3 + 55*s**2 + 132*s - 4093. Calculate w(27).
200
Let v(q) = -16*q**2 - 556*q + 2633. Determine v(-39).
-19
Let a(j) = -2569*j + 249185. Calculate a(97).
-8
Let u(o) = 45148*o + 1715512. What is u(-38)?
-112
Let w(c) = 22659*c + 792980. Determine w(-35).
-85
Let b(w) = -2*w**3 + 99*w**2 - 5999*w + 281044. Give b(48).
4
Let u(j) = -2*j**2 + 368*j - 9757. Determine u(32).
-29
Let f(b) = -461*b**2 - 3799*b - 839. Calculate f(-8).
49
Let p(u) = -u**3 + 145*u**2 - 502*u - 8947. Calculate p(141).
-205
Let t(y) = 2*y**2 - 205*y - 10039. What is t(-36)?
-67
Let x(v) = 2*v**3 + 77*v**2 + 199*v + 421. Determine x(-36).
-263
Let h(n) = 29*n**3 - 17*n**2 + 2*n + 109. What is h(-3)?
-833
Let v(t) = 1175*t - 18372. Give v(15).
-747
Let a(w) = 7*w**3 - 1568*w**2 + 1550*w + 2455. Give a(223).
2
Let b(l) = 431*l**3 + 4*l**2 - 25*l + 35. Give b(2).
3449
Let a(c) = 3*c**2 + 360*c + 384. Calculate a(-1).
27
Let f(p) = -p**3 - 10*p**2 + 333*p - 1096. Give f(4).
12
Let s(l) = 6*l**2 - 150*l - 489. Calculate s(27).
-165
Let z(f) = 2*f**2 - 295*f - 8385. Determine z(-29).
1852
Let h(t) = t**3 - 170*t**2 - 2988*t + 2241. Calculate h(186).
9
Let q(g) = -6466*g - 2179042. What is q(-337)?
0
Let z(o) = 8*o**3 + 2*o**2 - 1387*o - 1074. What is z(0)?
-1074
Let r(v) = v**3 + 8*v**2 - 21*v - 151. Determine r(-5).
29
Let n(f) = f**2 + 6967*f - 900944. Give n(127).
-6
Let g(v) = -v**2 + 27*v + 25342. Calculate g(-162).
-5276
Let c(r) = -3*r**2 + 836*r - 43224. Determine c(210).
36
Let u(w) = w**2 - 5045*w + 5964217. Calculate u(1891).
3
Let k(i) = -2*i**3 - 47*i**2 - 175*i - 701. Give k(-20).
-1
Let d(m) = -1494*m**2 + 4411*m + 15. Determine d(3).
-198
Let t(j) = 1006*j + 25160. Calculate t(-25).
10
Let q(a) = -838*a - 5871. Determine q(-8).
833
Let w(d) = -1398*d - 46527. Give w(-33).
-393
Let l(v) = 16145*v + 226150. Determine l(-14).
120
Let j(z) = -29*z**2 - 5418*z + 934. What is j(-187)?
-1
Let m(b) = 72*b**2 - 3*b - 105. Calculate m(2).
177
Let z(x) = -3*x**2 + 489*x + 4540. Determine z(-9).
-104
Let u(n) = -2*n**2 + 1503*n - 15026. What is u(10)?
-196
Let c(q) = 7140*q - 257036. Determine c(36).
4
Let y(z) = 39572*z + 593576. Determine y(-15).
-4
Let t(g) = g**3 - 130*g**2 + 111*g + 2323. Determine t(129).
1
Let j(f) = 332*f**3 + 73*f**2 - 34*f - 106. Calculate j(-1).
-331
Let b(x) = -x**2 + 15534*x + 1264818. Calculate b(-81).
3
Let f(p) = -2*p**3 + 250*p**2 - 5156*p + 800. Determine f(99).
8
Let u(z) = -12004*z - 888751. Determine u(-74).
-455
Let n(t) = t**2 - 14693*t + 176165. What is n(12)?
-7
Let g(c) = -c**2 + 1263*c - 267369. What is g(269)?
17
Let q(t) = -t**3 - 113*t**2 + 327*t + 1. Calculate q(0).
1
Let i(k) = k**3 + 23*k**2 - 858*k - 2522. Determine i(-42).
-2
Let z(d) = 196787*d + 2164653. Calculate z(-11).
-4
Let h(v) = -14360*v + 574516. Calculate h(40).
116
Let y(b) = 13*b - 190. Give y(-12).
-346
Let b(n) = n**3 + 23*n**2 - 55*n + 343. What is b(7)?
1428
Let h(a) = -a**2 - 1618*a - 25638. Calculate h(-16).
-6
Let x(v) = v**3 + 32*v**2 + 3289*v + 105243. Determine x(-32).
-5
Let q(r) = 915*r - 119092. Calculate q(130).
-142
Let f(w) = 2*w**2 - 186*w - 2217. Determine f(-11).
71
Let v(g) = 26043*g + 1041762. Determine v(-40).
42
Let p(t) = 13179*t + 65646. Determine p(-5).
-249
Let w(j) = 13423*j**2 - 147656*j - 6. Give w(11).
-39
Let o(j) = 2*j**2 - 26503*j - 610685. Calculate o(-23).
-58
Let t(c) = -4*c**3 - 1121*c**2 + 812*c - 8670. Calculate t(-281).
41
Let x(i) = -3516*i + 224998. Determine x(64).
-26
Let a(q) = -65*q**2 - 469*q - 2898. Determine a(-6).
-2424
Let s(d) = -61*d**3 + 15*d**2 + 42*d - 31. What is s(-3)?
1625
Let d(y) = y**2 + 86023*y + 33311622. What is d(-389)?
-4
Let v(r) = 222*r - 23374. Determine v(101).
-952
Let h(t) = -3*t**3 - 166*t**2 + 2336*t - 613. Give h(-67).
-10
Let o(p) = p**2 + 90*p - 12438. Give o(-167).
421
Let s(p) = p**3 - 548*p**2 - 24149*p + 5. What is s(-41)?
5
Let a(z) = -12*z**3 - 6*z**2 - 163*z - 301. Give a(-2).
97
Let k(n) = 1794*n + 176802. Determine k(-99).
-804
Let p(k) = -k**3 + 3*k**2 + 40*k - 147. What is p(8)?
-147
Let q(u) = u**3 - 85*u**2 + 1249*u + 551. Give q(66).
221
Let v(h) = -h**3 + 10*h**2 + 403*h - 2159. Calculate v(5).
-19
Let z(m) = 217096*m - 1302559. Give z(6).
17
Let g(t) = 2029*t - 16189. Give g(8).
43
Let d(i) = -289*i - 320. Determine d(3).
-1187
Let a(b) = -b**2 - 107*b + 19432. Calculate a(96).
-56
Let d(o) = -15532*o - 450416. Determine d(-29).
12
Let p(x) = -4997*x + 309808. Calculate p(62).
-6
Let m(r) = 32*r**2 - 126*r + 248. Give m(6).
644
Let x(h) = 6*h**3 + 16*h**2 - 3059*h - 6119. What is x(-2)?
15
Let m(c) = -131*c**2 + 1358*c - 350. Give m(10).
130
Let w(k) = -k**3 - 1248*k**2 - 4976*k + 3. What is w(-4)?
3
Let h(x) = -159*x - 1447. What is h(-15)?
938
Let j(v) = -1861*v + 18383. Calculate j(11).
-2088
Let o(d) = -1514*d - 68125. Calculate o(-45).
5
Let d(h) = -4*h**2 + 753*h + 13726. Give d(205).
-9
Let f(l) = l**3 - 762*l**2 - 3102*l + 29113. What is f(766)?
5
Let x(z) = -208*z + 89605. Calculate x(431).
-43
Let z(h) = -h**3 + 71*h**2 + 238*h - 740. Calculate z(74).
444
Let c(k) = k**2 + 306*k + 7611. Determine c(-275).
-914
Let n(f) = -854362*f - 5980530. Calculate n(-7).
4
Let t(b) = -5*b**2 + 118*b + 300. What is t(24)?
252
Let z(i) = 2*i**2 + 175*i + 618. Give z(-83).
-129
Let r(n) = 32*n**2 - 488*n - 135. What is r(15)?
-255
Let u(r) = -r**2 - 967*r + 96279. What is u(91)?
1
Let a(f) = -f**3 + 214*f**2 - 2172*f - 3020. Calculate a(12).
4
Let n(a) = a**3 + 22*a**2 - 1883*a + 8728. Give n(5).
-12
Let r(n) = 5*n**3 + 21*n**2 + 212*n + 1165. Calculate r(-5).
5
Let t(f) = 2*f**3 - 295*f**2 + 713*f + 1706. Give t(145).
-34
Let u(d) = -6*d**2 - 477*d + 636. Determine u(-82).
-594
Let t(y) = 11*y**2 - 2703*y - 31101. Give t(-11).
-37
Let s(x) = -19*x**3 + 76*x**2 + 6*x - 11. Determine s(-2).
433
Let h(v) = 44*v + 158. Determine h(-30).
-1162
Let x(m) = 500*m - 135519. What is x(271)?
-19
Let t(k) = 33*k - 12068. Determine t(363).
-89
Let v(r)